{"id":64,"date":"2021-12-09T10:02:20","date_gmt":"2021-12-09T10:02:20","guid":{"rendered":"http:\/\/dev.aeroclub-cpac.fr\/?page_id=64"},"modified":"2021-12-09T21:38:20","modified_gmt":"2021-12-09T21:38:20","slug":"nous-contacter","status":"publish","type":"page","link":"https:\/\/www.aeroclub-cpac.fr\/index.php\/nous-contacter\/","title":{"rendered":"Nous contacter"},"content":{"rendered":"\n<div class=\"wp-block-image\"><figure class=\"aligncenter size-large is-resized\"><img loading=\"lazy\" decoding=\"async\" src=\"https:\/\/www.aeroclub-cpac.fr\/wp-content\/uploads\/2021\/12\/LOGO-CPAC-957x1024.png\" alt=\"\" class=\"wp-image-76\" width=\"202\" height=\"216\" srcset=\"https:\/\/www.aeroclub-cpac.fr\/wp-content\/uploads\/2021\/12\/LOGO-CPAC-957x1024.png 957w, https:\/\/www.aeroclub-cpac.fr\/wp-content\/uploads\/2021\/12\/LOGO-CPAC-281x300.png 281w, https:\/\/www.aeroclub-cpac.fr\/wp-content\/uploads\/2021\/12\/LOGO-CPAC-768x821.png 768w, https:\/\/www.aeroclub-cpac.fr\/wp-content\/uploads\/2021\/12\/LOGO-CPAC-1436x1536.png 1436w, https:\/\/www.aeroclub-cpac.fr\/wp-content\/uploads\/2021\/12\/LOGO-CPAC-1915x2048.png 1915w\" sizes=\"auto, (max-width: 202px) 100vw, 202px\" \/><\/figure><\/div>\n\n\n\n<p class=\"has-text-align-center\"><strong>CPAC \/ Cergy Pontoise Air Club<\/strong><br>A\u00e9rodrome de Pontoise-Cormeilles<br>95650 Boissy<\/p>\n\n\n\n<p class=\"has-text-align-center\">T\u00e9l\u00e9phone \/ Fax : 01 30 32 64 31<br>Email :&nbsp;<a href=\"mailto:cpac2@wanadoo.fr\">cpac2@wanadoo.fr<\/a><\/p>\n","protected":false},"excerpt":{"rendered":"<p>CPAC \/ Cergy Pontoise Air ClubA\u00e9rodrome de Pontoise-Cormeilles95650 Boissy T\u00e9l\u00e9phone \/ Fax : 01 30 32 64 31Email :&nbsp;cpac2@wanadoo.fr<\/p>\n","protected":false},"author":1,"featured_media":0,"parent":0,"menu_order":0,"comment_status":"closed","ping_status":"closed","template":"","meta":{"footnotes":""},"class_list":["post-64","page","type-page","status-publish","hentry"],"_links":{"self":[{"href":"https:\/\/www.aeroclub-cpac.fr\/index.php\/wp-json\/wp\/v2\/pages\/64","targetHints":{"allow":["GET"]}}],"collection":[{"href":"https:\/\/www.aeroclub-cpac.fr\/index.php\/wp-json\/wp\/v2\/pages"}],"about":[{"href":"https:\/\/www.aeroclub-cpac.fr\/index.php\/wp-json\/wp\/v2\/types\/page"}],"author":[{"embeddable":true,"href":"https:\/\/www.aeroclub-cpac.fr\/index.php\/wp-json\/wp\/v2\/users\/1"}],"replies":[{"embeddable":true,"href":"https:\/\/www.aeroclub-cpac.fr\/index.php\/wp-json\/wp\/v2\/comments?post=64"}],"version-history":[{"count":3,"href":"https:\/\/www.aeroclub-cpac.fr\/index.php\/wp-json\/wp\/v2\/pages\/64\/revisions"}],"predecessor-version":[{"id":111,"href":"https:\/\/www.aeroclub-cpac.fr\/index.php\/wp-json\/wp\/v2\/pages\/64\/revisions\/111"}],"wp:attachment":[{"href":"https:\/\/www.aeroclub-cpac.fr\/index.php\/wp-json\/wp\/v2\/media?parent=64"}],"curies":[{"name":"wp","href":"https:\/\/api.w.org\/{rel}","templated":true}]}}