{"id":54,"date":"2021-12-09T09:51:49","date_gmt":"2021-12-09T09:51:49","guid":{"rendered":"http:\/\/dev.aeroclub-cpac.fr\/?page_id=54"},"modified":"2025-02-10T21:54:54","modified_gmt":"2025-02-10T21:54:54","slug":"devenir-membre","status":"publish","type":"page","link":"https:\/\/www.aeroclub-cpac.fr\/index.php\/devenir-membre\/","title":{"rendered":"Devenir membre"},"content":{"rendered":"\n<h1 class=\"wp-block-heading\">J&rsquo;ai envie de piloter, est-ce difficile ?<\/h1>\n\n\n\n<p>Rassurez-vous !<br>Certains, certaines de nos pilotes ont appris \u00e0 piloter dans notre club pour le plaisir sans connaissances particuli\u00e8res : ils\/elles sont devenus\/es pilotes professionnels &#8211; pilotes de ligne.<\/p>\n\n\n\n<p>Tous vos espoirs peuvent se concr\u00e9tiser.<\/p>\n\n\n\n<p>Le CERGY PONTOISE AIR CLUB a pr\u00e8vu plusieurs formules pour vous aider.<\/p>\n\n\n<div class=\"wp-block-image\">\n<figure class=\"aligncenter size-full\"><img loading=\"lazy\" decoding=\"async\" width=\"450\" height=\"337\" src=\"https:\/\/www.aeroclub-cpac.fr\/wp-content\/uploads\/2021\/12\/JU-tab.jpg\" alt=\"\" class=\"wp-image-106\" srcset=\"https:\/\/www.aeroclub-cpac.fr\/wp-content\/uploads\/2021\/12\/JU-tab.jpg 450w, https:\/\/www.aeroclub-cpac.fr\/wp-content\/uploads\/2021\/12\/JU-tab-300x225.jpg 300w, https:\/\/www.aeroclub-cpac.fr\/wp-content\/uploads\/2021\/12\/JU-tab-401x300.jpg 401w\" sizes=\"auto, (max-width: 450px) 100vw, 450px\" \/><\/figure>\n<\/div>\n\n\n<h1 class=\"wp-block-heading\">La solution : Devenir membre du CERGY PONTOISE AIR CLUB<\/h1>\n\n\n\n<figure class=\"wp-block-table\"><table><tbody><tr><td><span style=\"text-decoration: underline;\">Un dossier administratif tr\u00e8s simple est \u00e9tabli.<\/span><br>Pour tous :<br>&#8211; Fournir une pi\u00e8ce justificative d&rsquo;identit\u00e9 ainsi qu&rsquo;une photo d&rsquo;identit\u00e9.<br>&#8211; Fournir une autorisation parentale pour les personnes mineures.<br>&#8211; Prendre connaissance du r\u00e8glement int\u00e9rieur de l&rsquo;A\u00e9ro-Club.<br>&#8211; Souscrire une licence FFA (assurance) ou pr\u00e9senter ce document \u00e0 jour.<br><br>&#8211; Licence f\u00e9d\u00e9rale annuelle : <strong>92 \u20ac<\/strong><br> <br><br>&#8211; Cotisation au club de l&rsquo;ann\u00e9e <br> moins de 25 ans :\u00a0<strong>107 \u20ac<\/strong><br> plus de 25 ans :\u00a0<strong>214 \u20ac<\/strong><br><br> &#8211; Pour les nouveaux adh\u00e9rents, \u00e0 partir du 1er juillet, la cotisation est de :<br> moins de 25 ans :\u00a0<strong>54 \u20ac<\/strong><br> plus de 25 ans :\u00a0<strong>107 \u20ac<\/strong><br><br>&#8211; Une avance d&rsquo;un minimum de 2 heures de vols\u00a0est d\u00e9pos\u00e9e sur le compte pilote sur le site d&rsquo;aerogest.<br><br>Tous les paiement se font par carte bleue.<br><br>&#8211; Fournir, au plus t\u00f4t, un certificat m\u00e9dical valide \u00e9tabli par un m\u00e9decin sp\u00e9cialis\u00e9 a\u00e9ronautique (<a href=\"http:\/\/sicomed1.aviation-civile.gouv.fr\/publication_mea.pdf\" target=\"_blank\" rel=\"noreferrer noopener\">consulter la liste<\/a>)<\/td><\/tr><\/tbody><\/table><\/figure>\n\n\n\n<h1 class=\"wp-block-heading\">Vous \u00eates d\u00e9j\u00e0 pilote :<\/h1>\n\n\n\n<figure class=\"wp-block-table\"><table><tbody><tr><td>Pr\u00e9sentez votre brevet de pilote et votre carnet de vol.<br>Faites un vol d&rsquo;initiation avec l&rsquo;un de nos instructeurs.<\/td><\/tr><\/tbody><\/table><\/figure>\n\n\n\n<h1 class=\"wp-block-heading\">El\u00e8ves en cours de formation :<\/h1>\n\n\n\n<figure class=\"wp-block-table\"><table><tbody><tr><td>Apportez votre dossier de progression et votre carnet de vol.<\/td><\/tr><\/tbody><\/table><\/figure>\n\n\n\n<p><\/p>\n","protected":false},"excerpt":{"rendered":"<p>J&rsquo;ai envie de piloter, est-ce difficile ? Rassurez-vous !Certains, certaines de nos pilotes ont appris \u00e0 piloter dans notre club pour le plaisir sans connaissances particuli\u00e8res : ils\/elles sont devenus\/es pilotes professionnels &#8211; pilotes de ligne. Tous vos espoirs peuvent &hellip; <a href=\"https:\/\/www.aeroclub-cpac.fr\/index.php\/devenir-membre\/\">Continuer la lecture <span class=\"meta-nav\">&rarr;<\/span><\/a><\/p>\n","protected":false},"author":1,"featured_media":0,"parent":0,"menu_order":0,"comment_status":"closed","ping_status":"closed","template":"","meta":{"footnotes":""},"class_list":["post-54","page","type-page","status-publish","hentry"],"_links":{"self":[{"href":"https:\/\/www.aeroclub-cpac.fr\/index.php\/wp-json\/wp\/v2\/pages\/54","targetHints":{"allow":["GET"]}}],"collection":[{"href":"https:\/\/www.aeroclub-cpac.fr\/index.php\/wp-json\/wp\/v2\/pages"}],"about":[{"href":"https:\/\/www.aeroclub-cpac.fr\/index.php\/wp-json\/wp\/v2\/types\/page"}],"author":[{"embeddable":true,"href":"https:\/\/www.aeroclub-cpac.fr\/index.php\/wp-json\/wp\/v2\/users\/1"}],"replies":[{"embeddable":true,"href":"https:\/\/www.aeroclub-cpac.fr\/index.php\/wp-json\/wp\/v2\/comments?post=54"}],"version-history":[{"count":5,"href":"https:\/\/www.aeroclub-cpac.fr\/index.php\/wp-json\/wp\/v2\/pages\/54\/revisions"}],"predecessor-version":[{"id":415,"href":"https:\/\/www.aeroclub-cpac.fr\/index.php\/wp-json\/wp\/v2\/pages\/54\/revisions\/415"}],"wp:attachment":[{"href":"https:\/\/www.aeroclub-cpac.fr\/index.php\/wp-json\/wp\/v2\/media?parent=54"}],"curies":[{"name":"wp","href":"https:\/\/api.w.org\/{rel}","templated":true}]}}