{"id":234,"date":"2021-12-20T10:01:17","date_gmt":"2021-12-20T10:01:17","guid":{"rendered":"https:\/\/www.aeroclub-cpac.fr\/?page_id=234"},"modified":"2021-12-20T10:01:18","modified_gmt":"2021-12-20T10:01:18","slug":"necessaire-pour-debuter-votre-formation","status":"publish","type":"page","link":"https:\/\/www.aeroclub-cpac.fr\/index.php\/la-formation\/necessaire-pour-debuter-votre-formation\/","title":{"rendered":"N\u00e9cessaire pour d\u00e9buter votre formation:"},"content":{"rendered":"\n<p>\u2022 Adh\u00e9sion au CPAC<br>\u2022 Licence FFA<br>\u2022 Carnet de vol<br>\u2022 Manuel du pilote priv\u00e9 avion<br>\u2022 1 casque de vol<br>\u2022 Carte de la r\u00e9gion parisienne au 1\/250000<br>\u2022 Carte VAC du terrain de Pontoise LFPT (\u00e0 t\u00e9l\u00e9charger sur le site du SIA)<br>\u2022 Check-list<\/p>\n\n\n\n<p><br>\u2022 Visite m\u00e9dicale classe 2 avant le l\u00e2ch\u00e9 solo<\/p>\n","protected":false},"excerpt":{"rendered":"<p>\u2022 Adh\u00e9sion au CPAC\u2022 Licence FFA\u2022 Carnet de vol\u2022 Manuel du pilote priv\u00e9 avion\u2022 1 casque de vol\u2022 Carte de la r\u00e9gion parisienne au 1\/250000\u2022 Carte VAC du terrain de Pontoise LFPT (\u00e0 t\u00e9l\u00e9charger sur le site du SIA)\u2022 Check-list &hellip; <a href=\"https:\/\/www.aeroclub-cpac.fr\/index.php\/la-formation\/necessaire-pour-debuter-votre-formation\/\">Continuer la lecture <span class=\"meta-nav\">&rarr;<\/span><\/a><\/p>\n","protected":false},"author":1,"featured_media":0,"parent":51,"menu_order":3,"comment_status":"closed","ping_status":"closed","template":"","meta":{"footnotes":""},"class_list":["post-234","page","type-page","status-publish","hentry"],"_links":{"self":[{"href":"https:\/\/www.aeroclub-cpac.fr\/index.php\/wp-json\/wp\/v2\/pages\/234","targetHints":{"allow":["GET"]}}],"collection":[{"href":"https:\/\/www.aeroclub-cpac.fr\/index.php\/wp-json\/wp\/v2\/pages"}],"about":[{"href":"https:\/\/www.aeroclub-cpac.fr\/index.php\/wp-json\/wp\/v2\/types\/page"}],"author":[{"embeddable":true,"href":"https:\/\/www.aeroclub-cpac.fr\/index.php\/wp-json\/wp\/v2\/users\/1"}],"replies":[{"embeddable":true,"href":"https:\/\/www.aeroclub-cpac.fr\/index.php\/wp-json\/wp\/v2\/comments?post=234"}],"version-history":[{"count":1,"href":"https:\/\/www.aeroclub-cpac.fr\/index.php\/wp-json\/wp\/v2\/pages\/234\/revisions"}],"predecessor-version":[{"id":236,"href":"https:\/\/www.aeroclub-cpac.fr\/index.php\/wp-json\/wp\/v2\/pages\/234\/revisions\/236"}],"up":[{"embeddable":true,"href":"https:\/\/www.aeroclub-cpac.fr\/index.php\/wp-json\/wp\/v2\/pages\/51"}],"wp:attachment":[{"href":"https:\/\/www.aeroclub-cpac.fr\/index.php\/wp-json\/wp\/v2\/media?parent=234"}],"curies":[{"name":"wp","href":"https:\/\/api.w.org\/{rel}","templated":true}]}}

Nécessaire pour débuter votre formation:

<p>• Adhésion au CPAC<br>• Licence FFA<br>• Carnet de vol<br>• Manuel du pilote privé avion<br>• 1 casque de vol<br>• Carte de la région parisienne au 1/250000<br>• Carte VAC du terrain de Pontoise LFPT (à télécharger sur le site du SIA)<br>• Check-list</p>



<p><br>• Visite médicale classe 2 avant le lâché solo</p>

<p>• Adhésion au CPAC• Licence FFA• Carnet de vol• Manuel du pilote privé avion• 1 casque de vol• Carte de la région parisienne au 1/250000• Carte VAC du terrain de Pontoise LFPT (à télécharger sur le site du SIA)• Check-list &hellip; <a href="https://www.aeroclub-cpac.fr/index.php/la-formation/necessaire-pour-debuter-votre-formation/">Continuer la lecture <span class="meta-nav">&rarr;</span></a></p>
