{"id":232,"date":"2021-12-20T09:59:06","date_gmt":"2021-12-20T09:59:06","guid":{"rendered":"https:\/\/www.aeroclub-cpac.fr\/?page_id=232"},"modified":"2025-04-22T21:10:23","modified_gmt":"2025-04-22T21:10:23","slug":"formation-theorique","status":"publish","type":"page","link":"https:\/\/www.aeroclub-cpac.fr\/index.php\/la-formation\/formation-theorique\/","title":{"rendered":"Formation Th\u00e9orique"},"content":{"rendered":"\n<p>La pr\u00e9paration \u00e0 l&rsquo;examen th\u00e9orique LAPL ou PPL est organis\u00e9e en e.learning. &nbsp;Cette m\u00e9thode de formation permet \u00e0 l&rsquo;\u00e9l\u00e8ve de travailler \u00e0 son rythme en fonction de ses disponibilit\u00e9s.<\/p>\n\n\n\n<h2 class=\"wp-block-heading has-blue-color has-text-color has-normal-font-size\">Formation E.Learning<\/h2>\n\n\n\n<p>L&rsquo;Institut J MERMOZ organisme de formation approuv\u00e9 par la DGAC et partenaire de la FFA \u00e0 \u00e9t\u00e9 choisi par le CPAC pour la formation th\u00e9orique du LAPL et PPL.<\/p>\n\n\n\n<p>L\u2019inscription \u00e0 l&rsquo;Institut Jean Mermoz fa\u00eete par l&rsquo;\u00e9l\u00e8ve ouvrira l&rsquo;acc\u00e8s aux cours pour une dur\u00e9e maxi de 24 mois.<\/p>\n\n\n\n<p>Chaque instructeur \u00e0 la possibilit\u00e9 de suivre la progression de ses \u00e9l\u00e8ves.<\/p>\n\n\n\n<p>Le Responsable p\u00e9dagogique a l&rsquo;acc\u00e8s au suivi des progressions de tous les \u00e9l\u00e8ves.<\/p>\n\n\n\n<p><strong>La formation th\u00e9orique comprend 9 mati\u00e8res :<\/strong><\/p>\n\n\n\n<p>   1. R\u00e9glementation<\/p>\n\n\n\n<p>     2. Performance humaine<\/p>\n\n\n\n<p>     3. Communication<\/p>\n\n\n\n<p>     4. M\u00e9t\u00e9orologie<\/p>\n\n\n\n<p>     5. Principes du vol<\/p>\n\n\n\n<p>     6. Proc\u00e9dures op\u00e9rationnelles<\/p>\n\n\n\n<p>     7. Performances et pr\u00e9paration du vol<\/p>\n\n\n\n<p>     8. Navigation<\/p>\n\n\n\n<p>     9. Connaissance g\u00e9n\u00e9rale de l&rsquo;a\u00e9ronef<\/p>\n\n\n\n<p><strong>Organisation et programme de la partie de la formation en pr\u00e9sentiel <\/strong>:<\/p>\n\n\n\n<p>En plus des cours Mermoz en ligne, un minimum de 10 heures de formation en pr\u00e9sentiel est requis. <\/p>\n\n\n\n<p>Ces cours sont donn\u00e9s en groupe, ont g\u00e9n\u00e9ralement lieu le week-end et sont gratuits.<\/p>\n\n\n\n<p>Cette formation \u00a0\u00bb pr\u00e9sentiel \u00a0\u00bb est d\u00e9coup\u00e9e de la fa\u00e7on suivante :<\/p>\n\n\n\n<p>    1. S\u00e9ance initiale &#8211; pr\u00e9sentation et outil p\u00e9dagogique<\/p>\n\n\n\n<p>    2. RVP1 r\u00e9glementation<\/p>\n\n\n\n<p>    3. RVP2 connaissance g\u00e9n\u00e9rale de l&rsquo;a\u00e9ronef<\/p>\n\n\n\n<p>    4. RVP3 performance op\u00e9rationnelle<\/p>\n\n\n\n<p>    5. RVP4 performance humaine<\/p>\n\n\n\n<p>    6. RVP5 m\u00e9t\u00e9orologie<\/p>\n\n\n\n<p>    7. RVP6 navigation<\/p>\n\n\n\n<p>    8. RVP7 proc\u00e9dures op\u00e9rationnelles<\/p>\n\n\n\n<p>    9. RVP8 principe de vol<\/p>\n\n\n\n<p>    10. RVP9 communication en VFR<\/p>\n\n\n\n<p><strong>Pr\u00e9sentation \u00e0 l&rsquo;examen th\u00e9orique<\/strong><\/p>\n\n\n\n<p>Apr\u00e8s avoir suivi :<\/p>\n\n\n\n<p>&nbsp;&#8211; la totalit\u00e9 des cours en ligne et r\u00e9ussi un minimum de 90% de bonnes r\u00e9ponses au QCM d&rsquo;entrainement<\/p>\n\n\n\n<p>&nbsp;&#8211; suivi un minimum de 10 h en pr\u00e9sentiel<\/p>\n\n\n\n<p>&nbsp;Le Responsable P\u00e9dagogique atteste que le candidat a suivi de mani\u00e8re compl\u00e8te et satisfaisante la formation th\u00e9orique.<\/p>\n\n\n\n<p>A l&rsquo;issue, le Responsable P\u00e9dagogique d\u00e9livre une attestation de formation approuv\u00e9e et autorise l&rsquo;\u00e9l\u00e8ve \u00e0 se pr\u00e9senter \u00e0 l&rsquo;examen<\/p>\n","protected":false},"excerpt":{"rendered":"<p>La pr\u00e9paration \u00e0 l&rsquo;examen th\u00e9orique LAPL ou PPL est organis\u00e9e en e.learning. &nbsp;Cette m\u00e9thode de formation permet \u00e0 l&rsquo;\u00e9l\u00e8ve de travailler \u00e0 son rythme en fonction de ses disponibilit\u00e9s. Formation E.Learning L&rsquo;Institut J MERMOZ organisme de formation approuv\u00e9 par la &hellip; <a href=\"https:\/\/www.aeroclub-cpac.fr\/index.php\/la-formation\/formation-theorique\/\">Continuer la lecture <span class=\"meta-nav\">&rarr;<\/span><\/a><\/p>\n","protected":false},"author":1,"featured_media":0,"parent":51,"menu_order":2,"comment_status":"closed","ping_status":"closed","template":"","meta":{"footnotes":""},"class_list":["post-232","page","type-page","status-publish","hentry"],"_links":{"self":[{"href":"https:\/\/www.aeroclub-cpac.fr\/index.php\/wp-json\/wp\/v2\/pages\/232","targetHints":{"allow":["GET"]}}],"collection":[{"href":"https:\/\/www.aeroclub-cpac.fr\/index.php\/wp-json\/wp\/v2\/pages"}],"about":[{"href":"https:\/\/www.aeroclub-cpac.fr\/index.php\/wp-json\/wp\/v2\/types\/page"}],"author":[{"embeddable":true,"href":"https:\/\/www.aeroclub-cpac.fr\/index.php\/wp-json\/wp\/v2\/users\/1"}],"replies":[{"embeddable":true,"href":"https:\/\/www.aeroclub-cpac.fr\/index.php\/wp-json\/wp\/v2\/comments?post=232"}],"version-history":[{"count":7,"href":"https:\/\/www.aeroclub-cpac.fr\/index.php\/wp-json\/wp\/v2\/pages\/232\/revisions"}],"predecessor-version":[{"id":427,"href":"https:\/\/www.aeroclub-cpac.fr\/index.php\/wp-json\/wp\/v2\/pages\/232\/revisions\/427"}],"up":[{"embeddable":true,"href":"https:\/\/www.aeroclub-cpac.fr\/index.php\/wp-json\/wp\/v2\/pages\/51"}],"wp:attachment":[{"href":"https:\/\/www.aeroclub-cpac.fr\/index.php\/wp-json\/wp\/v2\/media?parent=232"}],"curies":[{"name":"wp","href":"https:\/\/api.w.org\/{rel}","templated":true}]}}